ulate the greatest common divisor of 1298406 and 498.
6
What is the highest common divisor of 5269 and 2753?
1
Calculate the highest common factor of 18405238 and 524.
262
What is the greatest common factor of 376 and 149007343?
47
Calculate the greatest common divisor of 18 and 4647528.
18
Calculate the highest common factor of 41546242 and 16.
2
Calculate the highest common factor of 90668505 and 2895.
2895
What is the greatest common divisor of 109589 and 229?
1
Calculate the greatest common divisor of 404451 and 4887.
9
What is the greatest common divisor of 1584737077 and 1738?
869
Calculate the highest common factor of 448 and 2186024.
8
Calculate the greatest common divisor of 14 and 28616231.
7
Calculate the greatest common factor of 9352 and 5392184.
56
What is the highest common divisor of 13041 and 19946682?
189
Calculate the highest common divisor of 108 and 241087680.
36
What is the greatest common factor of 883513179 and 2099?
2099
What is the greatest common factor of 403197480 and 68040?
7560
Calculate the greatest common divisor of 3498818 and 5513.
149
Calculate the greatest common divisor of 6656 and 11533184.
1664
Calculate the greatest common divisor of 7418216 and 4.
4
Calculate the highest common factor of 16703037 and 312.
39
Calculate the highest common factor of 2611930 and 1180.
590
What is the greatest common factor of 42048 and 4644333?
657
What is the highest common divisor of 5282 and 341886?
38
Calculate the highest common divisor of 7375 and 451940.
295
What is the greatest common divisor of 9144626 and 326?
326
Calculate the highest common factor of 4490101 and 308.
77
Calculate the highest common factor of 254136490 and 9175.
1835
Calculate the highest common divisor of 126362 and 13118533.
1541
Calculate the highest common factor of 37999240 and 23560.
760
Calculate the highest common divisor of 28 and 463816.
4
What is the highest common factor of 7920 and 55454490?
90
What is the greatest common divisor of 17958896 and 16?
16
Calculate the highest common factor of 78 and 98366606.
26
What is the greatest common divisor of 6792 and 280056?
24
What is the highest common factor of 2852092 and 2732?
4
Calculate the highest common divisor of 189843677 and 982.
491
What is the greatest common factor of 13518 and 717?
3
Calculate the highest common factor of 20442102 and 5302.
482
Calculate the highest common divisor of 1100 and 10755668.
44
Calculate the greatest common factor of 553 and 40159.
7
Calculate the greatest common divisor of 1589484 and 9303.
1329
Calculate the highest common factor of 650375 and 250.
125
What is the greatest common divisor of 7446 and 1935741?
219
What is the greatest common divisor of 15535 and 13731745?
1195
What is the greatest common factor of 116856847 and 10742?
5371
What is the greatest common factor of 85386 and 1283982?
798
What is the greatest common divisor of 30 and 423942?
6
What is the greatest common factor of 598 and 17252001?
299
Calculate the highest common factor of 11368 and 61480.
232
Calculate the greatest common divisor of 992229 and 432012.
777
Calculate the highest common factor of 35383988 and 28.
4
What is the greatest common divisor of 176 and 28257328?
176
Calculate the greatest common factor of 45 and 15461055.
45
Calculate the highest common divisor of 3120030464 and 9143.
9143
Calculate the greatest common divisor of 2604 and 10539.
3
Calculate the greatest common divisor of 90479557 and 19390.
1939
Calculate the highest common factor of 169484199 and 2451.
2451
What is the highest common factor of 944 and 11144038?
118
What is the greatest common factor of 252476 and 426?
142
What is the greatest common factor of 526566 and 269988?
894
Calculate the greatest common factor of 990981 and 9537.
867
What is the greatest common factor of 43441528 and 34?
34
What is the greatest common divisor of 11077013 and 1581?
527
What is the greatest common divisor of 5031604 and 3032?
1516
Calculate the highest common factor of 50 and 292122975.
25
Calculate the greatest common factor of 22 and 8309389.
11
What is the greatest common factor of 292498 and 499?
1
Calculate the highest common divisor of 320140215 and 171.
171
What is the greatest common divisor of 867860676 and 36?
36
Calculate the highest common factor of 154 and 16887206.
14
Calculate the highest common factor of 11 and 665436.
1
What is the greatest common factor of 137700 and 37600?
100
What is the greatest common factor of 650284 and 25423432?
8908
What is the greatest common factor of 1133 and 3819167?
11
What is the greatest common factor of 6441952 and 121?
11
What is the greatest common factor of 2043 and 7269?
3
What is the greatest common factor of 5657744 and 32?
16
Calculate the greatest common factor of 9897732 and 806.
26
Calculate the highest common divisor of 260 and 9414340.
260
Calculate the highest common divisor of 5433 and 1762188117.
5433
What is the highest common divisor of 440 and 3247720?
40
Calculate the greatest common divisor of 183441 and 19176.
141
What is the highest common divisor of 77986640 and 1520?
1520
Calculate the highest common divisor of 2188072 and 11991.
571
What is the highest common factor of 62289 and 4617?
81
Calculate the highest common divisor of 8873150 and 1100.
550
What is the greatest common factor of 14 and 154910420?
14
What is the greatest common factor of 13104675 and 8100?
225
Calculate the highest common factor of 1342 and 1501027.
671
Calculate the greatest common factor of 136000 and 1279250.
4250
Calculate the greatest common factor of 103834 and 116958.
386
Calculate the highest common divisor of 123 and 9693958.
41
Calculate the greatest common factor of 112105 and 385.
35
What is the greatest common divisor of 55614 and 76074?
186
What is the greatest common divisor of 58 and 13816499?
29
Calculate the greatest common divisor of 8586275 and 3405.
1135
Calculate the highest common factor of 12 and 87459216.
12
Calculate the highest common divisor of 425778 and 18618.
174
Calculate the greatest common divisor of 9725504 and 11776.
1472
Calculate the highest common factor of 259391 and 2651.
11
Calculate the highest common divisor of 3297360 and 14080.
880
What is the greatest common divisor of 27260 and 72743600?
580
What is the greatest common divisor of 361044 and 4188?
12
What is the greatest common divisor of 1870 and 7341926?
34
What is the highest common factor of 1585778 and 8816?
1102
Calculate the highest common factor of 105216 and 77120.
64
Calculate the greatest common divisor of 14305 and 5169827.
2861
What is the greatest common factor of 8658 and 4284378?
666
Calculate the highest common divisor of 456160 and 550.
10
Calculate the highest common divisor of 364 and 2634892.
52
What is the greatest common divisor of 18272144 and 1581?
527
Calculate the greatest common divisor of 16 and 13229644.
4
Calculate the highest common divisor of 122534 and 38.
2
What is the highest common divisor of 85515 and 587203?
5701
What is the highest common factor of 11176 and 1400637788?
5588
Calculate the greatest common divisor of 68912 and 395344.
16
What is the highest common factor of 4701452 and 238?
238
What is the highest common factor of 65360 and 6556425?
4085
What is the highest common divisor of 20 and 628644865?
5
Calculate the greatest common factor of 8826 and 67371800.
2942
Calculate the greatest common divisor of 18827556 and 11704.
836
Calculate the greatest common factor of 104468 and 1098188.
2548
What is the greatest common divisor of 68077278 and 9?
9
Calculate the greatest common factor of 2102 and 628.
2
What is the greatest common divisor of 21110531 and 13?
13
Calculate the greatest common divisor of 1582 and 50035496.
1582
What is the greatest common factor of 8488 and 169071411?
1061
Calculate the greatest common divisor of 899 and 36254176.
29
What is the greatest common divisor of 12 and 27653052?
12
Calculate the greatest common factor of 10894450 and 4760.
1190
Calculate the highest common divisor of 156 and 2259647.
13
What is the greatest common divisor of 441555240 and 56?
56
What is the highest common divisor of 402512 and 148192?
176
Calculate the greatest common divisor of 5624382 and 408.
102
What i